True
Is 124470243127 composite?
True
Is 2582287979 prime?
False
Is 25815862541 prime?
False
Is 3444326629 prime?
False
Is 7172655493 a composite number?
False
Is 3950712301 a composite number?
False
Is 139355629027 a composite number?
False
Is 23542003439 prime?
False
Is 26747128831 a prime number?
True
Is 9077675137 prime?
True
Is 992360617 prime?
True
Is 563578711 composite?
False
Is 101789885 composite?
True
Is 50784493 a prime number?
True
Is 267411047 a composite number?
False
Is 483114649 a prime number?
False
Is 12884665 composite?
True
Is 97444931 composite?
True
Is 464383889 prime?
False
Is 4566500039 a prime number?
False
Is 255404854169 a prime number?
True
Is 2021351491 a prime number?
False
Is 12243974271 a prime number?
False
Is 49902737 prime?
True
Is 213454177 a prime number?
False
Is 7502502779 composite?
True
Is 794002621 a composite number?
False
Is 32569703273 a composite number?
False
Is 326896109 a composite number?
True
Is 7642111933 a prime number?
False
Is 733536091 a composite number?
False
Is 66076103689 a composite number?
True
Is 287872997 a prime number?
False
Is 20465763257 prime?
True
Is 267146823433 a composite number?
True
Is 31872582431 a composite number?
False
Is 1255878583 prime?
True
Is 4102667809 composite?
False
Is 524318863 composite?
False
Is 3076117091 composite?
True
Is 9163103137 a prime number?
False
Is 8890710547 prime?
False
Is 32003481281 a prime number?
True
Is 337909811 composite?
True
Is 384954121 a prime number?
True
Is 28622695873 a composite number?
False
Is 1188021661 a prime number?
True
Is 16361314579 a prime number?
False
Is 2899403779 a composite number?
False
Is 950610587009 composite?
False
Is 91378650647 prime?
True
Is 21967921787 a prime number?
False
Is 462245507 a prime number?
False
Is 3809560171 a composite number?
False
Is 2511414853 a prime number?
True
Is 4045319651 composite?
True
Is 1260273517 prime?
True
Is 389343863 a composite number?
False
Is 453756529 a composite number?
False
Is 543953303 prime?
True
Is 73268501431 composite?
False
Is 3793993669 composite?
True
Is 12443443283 prime?
True
Is 3517731799 a composite number?
True
Is 6240449441 a composite number?
False
Is 3454888859 a composite number?
False
Is 44432743099 prime?
True
Is 1415685437 a composite number?
False
Is 55148729 a composite number?
False
Is 1254722041 a composite number?
False
Is 264226289 composite?
False
Is 7020865783 a prime number?
True
Is 3436817089 prime?
False
Is 1201891771 composite?
False
Is 173460659 a prime number?
False
Is 641840777 composite?
True
Is 47433277429 prime?
True
Is 255019811 prime?
True
Is 163069369 composite?
False
Is 75693456833 composite?
False
Is 247985519 a composite number?
False
Is 5130827347 prime?
False
Is 330654671 a composite number?
True
Is 99817771 composite?
False
Is 11196566203 a composite number?
False
Is 1330623221 a composite number?
True
Is 6081809015 prime?
False
Is 34486409 composite?
False
Is 48013167863 a prime number?
True
Is 49575271777 composite?
True
Is 29002012957 a prime number?
True
Is 2555123 composite?
False
Is 253997311591 a composite number?
True
Is 1826011571 prime?
True
Is 32072495021 a composite number?
True
Is 13748924471 composite?
True
Is 6915875035 prime?
False
Is 66662894869 a composite number?
True
Is 63492826949 composite?
True
Is 1045410703 composite?
True
Is 3409806259 a composite number?
True
Is 35182076911 a composite number?
True
Is 1304645383 composite?
True
Is 11422748081 a prime number?
True
Is 79896359 a composite number?
True
Is 565030507 a prime number?
True
Is 902716469449 prime?
True
Is 2046871873 prime?
True
Is 13878719 a prime number?
True
Is 919064747 prime?
True
Is 2105729101 prime?
False
Is 1116913951 composite?
False
Is 10093986337 prime?
False
Is 16787479687 prime?
False
Is 9360100699 prime?
False
Is 141297313 prime?
False
Is 171339698613 composite?
True
Is 7168985041 composite?
True
Is 65842075463 a prime number?
False
Is 316358243 prime?
False
Is 17445638849 composite?
False
Is 3286975073 a prime number?
True
Is 1331933413 a composite number?
False
Is 38059523147 composite?
False
Is 3676587427 a prime number?
False
Is 5719614727 prime?
False
Is 161777939 a composite number?
True
Is 6347279723 a composite number?
False
Is 4154030729 prime?
False
Is 3057536359 composite?
True
Is 587790527 prime?
True
Is 52674202991 a composite number?
True
Is 7630371353 a composite number?
True
Is 5708062541 a composite number?
True
Is 481092613 a composite number?
False
Is 1277472109 composite?
False
Is 2323713277 a composite number?
False
Is 4688339983 prime?
True
Is 70909395101 a prime number?
True
Is 1335486055 a prime number?
False
Is 765135533 a composite number?
False
Is 77887902479 prime?
False
Is 97592783 composite?
False
Is 17526889903 a prime number?
False
Is 29666448631 a prime number?
True
Is 4059829757 composite?
True
Is 589312907 a composite number?
False
Is 788043299 a prime number?
True
Is 44480878823 a composite number?
False
Is 58935650519 prime?
False
Is 253119023 prime?
True
Is 71018829191 prime?
False
Is 8617447 a composite number?
False
Is 7236689279 a composite number?
False
Is 1770070987 a composite number?
False
Is 5022223519 a prime number?
True
Is 56858057 prime?
True
Is 1636753957 composite?
True
Is 263348611 a prime number?
True
Is 407330412379 a prime number?
False
Is 51682635619 prime?
False
Is 40503622121 a prime number?
False
Is 9476624777 a composite number?
False
Is 26364123887 a prime number?
True
Is 11939659135 a prime number?
False
Is 521211566289 composite?
True
Is 3575540447 composite?
True
Is 33974593 prime?
False
Is 212129609669 composite?
False
Is 148239886127 prime?
False
Is 1305146093 a composite number?
True
Is 577058947 prime?
False
Is 31382194559 composite?
False
Is 768345899 a composite number?
False
Is 361065794315 a prime number?
False
Is 2293095481 a prime number?
True
Is 3808791797 a prime number?
True
Is 2342722463 a composite number?
False
Is 1106345153 composite?
True
Is 404492021 composite?
True
Is 2322293759 composite?
False
Is 538106405 prime?
False
Is 131073691237 a prime number?
True
Is 2429598383 a composite number?
True
Is 3667414481 prime?
False
Is 11652863973 prime?
False
Is 129382835903 a prime number?
True
Is 74339709245 a composite number?
True
Is 121604531507 a composite number?
False
Is 239901911069 a prime number?
True
Is 2608833187 composite?
False
Is 130403993 a composite number?
True
Is 562156559 a prime number?
True
Is 6797476381 composite?
False
Is 852740831 prime?
True
Is 164327675891 composite?
True
Is 1926152951 a prime number?
True
Is 26972913169 a prime number?
True
Is 1587020147 a composite number?
False
Is 10068681083 a prime number?
False
Is 7327329713 a prime number?
False
Is 239744027 a composite number?
True
Is 2745134101 composite?
False
Is 12938229589 composite?
False
Is 302424362 a composite number?
True
Is 2214771485 a prime number?
False
Is 10667592583 composite?
False
Is 4426561 a composite number?
False
Is 3502763987 a composite number?
False
Is 338432561 a prime number?
False
Is 1760881897 prime?
True
Is 25307044627 composite?
False
Is 2855250863 composite?
False
Is 154653557 prime?
False
Is 23166467897 prime?
True
Is 10619582507 composite?
False
Is 1067946109 a prime number?
True
Is 752898373 a prime number?
False
Is 21531697721 prime?
True
Is 5373614041 a prime number?
False
Is 4020624161 prime?
True
Is 687062179 prime?
True
Is 321298589 prime?
False
Is 4609502977 a prime number?
True
Is 7532359529 composite?
False
Is 38081879 a prime number?
False
Is 1290227923 a prime number?
True
Is 3582367037 a composite number?
True
Is 12530165017 prime?
True
Is 347092679 a prime number?
False
Is 719474777 composite?
True
Is 265593509 a composite number?
False
Is 553418431 a prime number?
False
Is 7610628563 prime?
True
Is 13258555747 prime?
True
Is 8775362009 a prime number?
True
Is 811540529 prime?
False
Is 19719759167 composite?
False
Is 11567421473 composite?
False
Is 1024359953 composite?
True
Is 31742266909 prime?
False
Is 264274163603 a composite number?
False
Is 67307754991 a prime number?
True
Is 1766637353 prime?
False
Is 5080930433 a composite number?
True
Is 42904375609 a prime number?
True
Is 51938071789 composite?
True
Is